o base 7.
-1126225
What is 2242231214 (base 5) in base 6?
300003143
Convert -10002201111110 (base 3) to base 10.
-1647903
Convert -210111222222 (base 3) to base 15.
-85768
Convert -414000 (base 9) to base 8.
-737651
-cab80 (base 13) to base 6
-11505305
What is -59aa87 (base 11) in base 15?
-13be79
What is -120244303 (base 6) in base 4?
-20220003033
-202241512 (base 6) to base 16
-350114
What is 3dd6c (base 15) in base 6?
4132133
What is -12303024 (base 5) in base 15?
-25479
Convert 613002 (base 8) to base 3.
101021102110
Convert -110011001000001001011 (base 2) to base 11.
-a44786
-113212045 (base 6) to base 7
-23664341
What is -542360 (base 7) in base 9?
-153575
Convert -45724 (base 12) to base 11.
-63650
What is -11105 (base 11) in base 16?
-3ee2
3320001204 (base 5) to base 15
96ea39
What is -aad2a (base 15) in base 2?
-10000100100011110101
What is 347494 (base 13) in base 7?
13401460
Convert -145874 (base 16) to base 5.
-320131424
What is 2547855 (base 10) in base 14?
4a4739
What is 4876867 (base 9) in base 14?
4cd622
What is -1a00170 (base 13) in base 16?
-824f5f
What is -1043113234 (base 5) in base 15?
-30b664
3e210e (base 15) to base 14
57d0b6
Convert -4313552 (base 6) to base 11.
-1353a6
What is 102111101201 (base 3) in base 15?
470a4
-1001100002110 (base 3) to base 16
-882b7
Convert -44656700 (base 8) to base 6.
-543000000
What is -15911c (base 14) in base 3?
-1102100102101
What is 4a42b (base 12) in base 16?
189e3
-1110001110011011111 (base 2) to base 10
-466143
Convert -301311300 (base 4) to base 5.
-23013034
What is -4212073 (base 8) in base 2?
-100010001010000111011
What is -4a49a (base 11) in base 4?
-101230103
6396d6 (base 15) to base 8
22051723
What is 1a554 (base 13) in base 12?
25931
Convert -1340020304 (base 5) to base 16.
-3478ed
3342434 (base 5) to base 8
163357
-10110101011100100100 (base 2) to base 4
-2311130210
1537354 (base 8) to base 5
103121332
What is -2221333 (base 6) in base 15?
-231d6
Convert -7690479 (base 10) to base 16.
-7558ef
What is -40353 (base 12) in base 2?
-10100010111101111
What is -1054709 (base 12) in base 16?
-2f43f9
-9822b5 (base 12) to base 3
-11112101212202
101101001000111100 (base 2) to base 11
116a04
What is -67e32 (base 15) in base 2?
-1010000101101001100
Convert -1157612 (base 8) to base 16.
-4df8a
What is -243224304 (base 5) in base 10?
-1148704
Convert -605252 (base 8) to base 4.
-300222222
Convert 11111000100100111101 (base 2) to base 6.
33453433
What is 124224413 (base 6) in base 4?
21110333121
What is -10035004 (base 6) in base 12?
-118a64
Convert -5253156 (base 8) to base 9.
-2561187
What is -21001013 (base 5) in base 4?
-221333220
11340255 (base 7) to base 10
1001355
-2112002210 (base 5) to base 7
-52312046
Convert 262564 (base 7) to base 13.
193c0
22221201200112 (base 3) to base 4
102021213002
-5ac22 (base 16) to base 4
-1122300202
What is -12406630 (base 8) in base 14?
-51a528
Convert 281485 (base 9) to base 12.
83458
What is 1001000011000101101100 (base 2) in base 9?
4414627
4104023443 (base 5) to base 3
120120000201000
-c23682 (base 15) to base 5
-4330202342
What is -b8a10 (base 16) in base 4?
-2320220100
Convert 23123265 (base 7) to base 5.
1004212231
-220113202 (base 5) to base 15
-139037
What is -31022 (base 11) in base 12?
-22252
Convert -2002212 (base 4) to base 8.
-20246
Convert 54474 (base 13) to base 2.
100101001100101100
Convert 20021120211 (base 3) to base 16.
1e2ec
442119 (base 11) to base 5
140034241
What is 2520660 (base 7) in base 11?
201864
Convert -158160 (base 13) to base 5.
-114010141
105513 (base 8) to base 3
1210220201
21001012 (base 3) to base 5
131020
What is -313605 (base 8) in base 14?
-2a03b
Convert 6617c (base 13) to base 11.
116949
Convert 7462237 (base 9) to base 6.
221402011
What is 24a2b (base 16) in base 2?
100100101000101011
5152552 (base 6) to base 14
66632
What is 210011450 (base 6) in base 14?
6aabb0
201002211 (base 3) to base 2
11011001100111
-330231332130 (base 4) to base 3
-1002221122221220
Convert 1263747 (base 8) to base 5.
42314104
Convert 1396525 (base 12) to base 3.
21101200020202
Convert -301003013 (base 4) to base 13.
-705a1
What is 1380b53 (base 13) in base 11?
3535494
What is 387028 (base 9) in base 16?
3950c
What is -2510781 (base 9) in base 13?
-38a5b3
What is 74271d (base 15) in base 12?
1a2623a
Convert 121232230 (base 4) to base 11.
721a8
-100404324 (base 5) to base 6
-12353014
4a314 (base 12) to base 10
100672
-16720076 (base 8) to base 16
-3ba03e
-11202032 (base 5) to base 12
-4a037
-31203011123 (base 4) to base 9
-6612758
3195818 (base 12) to base 2
100011110111101101010100
What is -3130 (base 9) in base 8?
-4367
What is 11122200200210 (base 3) in base 11?
143a835
What is -12233313214 (base 5) in base 3?
-1000202010002001
Convert 1bb376 (base 12) to base 14.
cccd4
Convert -455255 (base 9) to base 14.
-7161c
Convert 3a967 (base 11) to base 12.
29963
1017128 (base 9) to base 13
160337
Convert -de8e6 (base 15) to base 7.
-6004236
37d65 (base 14) to base 9
228045
Convert 10222220121 (base 3) to base 8.
231513
Convert 3555541 (base 8) to base 5.
222124130
Convert -163212 (base 9) to base 15.
-1ecd5
Convert 4025264 (base 7) to base 13.
139301
-1829061 (base 12) to base 5
-2242034422
364edb (base 15) to base 11
1515513
-32332312002 (base 4) to base 12
-1394996
Convert -36391 (base 10) to base 9.
-54824
Convert 120354112 (base 6) to base 12.
915938
Convert -24614143 (base 9) to base 8.
-55772051
What is 815b64 (base 14) in base 13?
b971b9
What is 1890230 (base 10) in base 4?
13031132312
3221424 (base 6) to base 14
41a88
1120250 (base 7) to base 13
4b5a5
Convert -577334 (base 10) to base 7.
-4623122
What is 2332444 (base 5) in base 3?
2011210221
216455 (base 9) to base 13
46b95
Convert -b649c2 (base 13) to base 2.
-10000010001100001001000
What is 22dba2 (base 16) in base 14?
436750
Convert -312f2 (base 16) to base 5.
-22421313
Convert -51023044 (base 6) to base 12.
-59aa84
What is 34b2ea (base 15) in base 2?
1001100110110110010100
8353b (base 13) to base 12
b4686
108a9a (base 12) to base 11
170565
Convert 100100000010111001 (base 2) to base 16.
240b9
Convert -40341310 (base 5) to base 2.
-1001111001111100100
Convert -436c9 (base 14) to base 7.
-1246642
Convert 15410100 (base 6) to base 11.
342a58
Convert -1204030023 (base 5) to base 6.
-135553123
-4938a (base 11) to base 15
-16089
Convert -67183 (base 12) to base 16.
-21633
-1702475 (base 10) to base 15
-239685
What is 116463 (base 12) in base 13?
9a938
Convert -9a4211 (base 12) to base 16.
-25722d
What is -7430 (base 10) in base 13?
-34c7
-3211002130 (base 4) to base 13
-26b018
Convert 311357 (base 10) to base 16.
4c03d
What is 17026536 (base 8) in base 9?
7370751
What is 57b145 (base 12) in base 10?
1408517
-25634461 (base 8) to base 16
-573931
What is -102312332 (base 5) in base 12?
-18a161
-2283b2 (base 12) to base 4
-2013020312
What is 2358278 (base 9) in base 7?
13604366
What is -1222210321 (base 4) in base 16?
-6a939
-508c4 (base 15) to base 3
-110221221111
What is 601877 (base 12) in base 4?
11231032123
Convert 12322130 (base 5) to base 2.
11101010111100010
2163015 (base 7) to base 5
32030202
What is 177764 (base 9) in base 15?
22c04
Convert 22014123 (base 5) to base 7.
1414016
What is c4422 (base 15) in base 9?
1147115
Convert -1145293 (base 10) to base 13.
-3113b6
What is -64858 (base 16) in base 4?
-1210201120
Convert 441103 (base 6) to base 12.
19193
1130026 (base 11) to base 5
1001222223
Convert -1313424 (base 5) to base 10.
-26114
70921 (base 14) to base 3
111202100010
Convert 8555a3 (base 12) to base 15.
2b8549
What is 144d9 (base 16) in base 4?
110103121
149676 (base 10) to base 2
100100100010101100
Convert 130211 (base 13) to base 10.
457328
What is 8502003 (base 9) in base 10?
4548234
What is 101034140 (base 6) in base 9?
3227536
45036 (base 9) to base 7
153144
What is 8dccad (base 15) in base 8?
31663250
What is -20885a (base 11) in base 2?
-1010001011111010111
Convert 2134110 (base 6) to base 12.
51336
Convert -10075226 (base 8) to base 16.
-207a96
-44a8482 (base 11) to base 3
-112211202102010
What is -10101101011110110111 (base 2) in base 15?
-e0823
What is 119113 (base 15) in base 4?
3031032222
What is 53341031 (base 6) in base 10?
1568395
What is -10331701 (base